 9. Determine p(14).
-9
Let z(v) = 12*v**3 - 1. Calculate z(1).
11
Let i(h) = h**2 - 10*h - 11. What is i(6)?
-35
Let f(x) = x**2 + 15*x - 42. Determine f(-18).
12
Let m(f) = f**3 - 25*f**2 + 25*f - 32. Give m(24).
-8
Let z(w) = 15*w + 8. What is z(-6)?
-82
Let w(s) = 8*s - 1. Determine w(10).
79
Let c(f) = -f - 7. Give c(7).
-14
Let w(r) = r**2 + 8*r + 7. Calculate w(-6).
-5
Let t(i) = 3*i + 16. What is t(-5)?
1
Let c(t) = -t**3 - 22*t**2 - 22*t - 25. Calculate c(-21).
-4
Let o(d) = -d - 14. Give o(-10).
-4
Let f(n) = n**3 + n**2 + n - 1. Calculate f(3).
38
Let p(c) = -6*c - 4. What is p(-3)?
14
Let x(f) = 12*f + 1. Calculate x(-3).
-35
Let x(g) = g**3 + 2*g**2 + 2*g - 4. Determine x(-3).
-19
Let q(x) = -7*x**2 + x. What is q(-1)?
-8
Let s(y) = y - 14. Determine s(5).
-9
Let q(s) = -5*s - 12. Give q(6).
-42
Let z(w) = -8*w + 40. Give z(0).
40
Let h(u) = -2*u + 3. Calculate h(-3).
9
Let b(w) = -21*w - 97. Determine b(-5).
8
Let g(q) = -q**3 - 11*q**2 + 9*q - 16. Calculate g(-12).
20
Let d(x) = x**2 + 2*x - 19. What is d(5)?
16
Let t(z) = 3*z + 11. What is t(-1)?
8
Let n(z) = -3*z**2 - 85*z - 46. Calculate n(-28).
-18
Let x(g) = -g**3 - 2*g**2 - 3*g - 2. Calculate x(-2).
4
Let i(q) = q**2 - 38*q + 37. Determine i(36).
-35
Let y(f) = -2*f + 28. Calculate y(15).
-2
Let y(m) = m**2 + 3*m - 17. What is y(-11)?
71
Let s(h) = 10*h + 11. Determine s(8).
91
Let o(d) = -d**3 - 8*d**2 + 11. Calculate o(-8).
11
Let k(q) = -148*q + 443. Give k(3).
-1
Let k(x) = x**3 - 8*x**2 + 5*x - 49. Give k(8).
-9
Let i(r) = -r - 9. Determine i(11).
-20
Let s(o) = o**3 + 3*o - 1. Give s(2).
13
Let a(c) = 2*c**2 - 3*c - 5. Determine a(-2).
9
Let v(z) = z**3 - 12*z**2 + 22*z - 6. Determine v(10).
14
Let v(o) = -66*o + 1. Determine v(1).
-65
Let k(p) = 4*p - 79. Determine k(-19).
-155
Let o(t) = t - 24. Determine o(17).
-7
Let r(u) = -u**3 + 9*u**2 - 17*u + 22. Give r(7).
1
Let a(h) = 4*h**2 - 13*h - 4. Calculate a(4).
8
Let j(m) = -m**2 - 10*m - 13. Determine j(-11).
-24
Let o(c) = 7*c + 31. Give o(4).
59
Let z(h) = -5*h**2 - 4*h + 38. Calculate z(-4).
-26
Let l(q) = -37*q**3 + 2*q**2 + 4*q + 2. Give l(-1).
37
Let r(p) = -12*p - 4. Determine r(5).
-64
Let x(p) = p**3 + 3*p**2 + p - 2. Determine x(-3).
-5
Let g(h) = h + 10. Give g(-6).
4
Let u(f) = -7*f**2 - 78*f - 9. Determine u(-11).
2
Let i(g) = -g**3 - 10*g**2 + g. Calculate i(-10).
-10
Let p(z) = z**3 + 8*z**2 + 10*z + 22. Give p(-7).
1
Let y(s) = s**3 + 11*s**2 + 31*s - 3. Determine y(-6).
-9
Let t(h) = 3*h - 14. Determine t(5).
1
Let d(a) = -a - 1. What is d(10)?
-11
Let c(s) = -s**3 - 8*s**2 + 41*s + 24. Determine c(-12).
108
Let d(w) = -w**3 + 8*w**2 - w + 2. Determine d(8).
-6
Let s(q) = 31*q - 27. Determine s(1).
4
Let t(k) = 2*k**2 + 21*k - 7. Give t(-11).
4
Let d(c) = 2*c**3 + c**2 - 2*c + 1. What is d(1)?
2
Let b(z) = -2*z - 15. Determine b(-4).
-7
Let z(m) = -4*m**2 - 5*m + 6. Determine z(3).
-45
Let s(f) = f**2 + 11*f - 11. Calculate s(-13).
15
Let r(l) = -2*l + 169. Determine r(39).
91
Let v(n) = -6*n + 10. What is v(-3)?
28
Let p(b) = 2*b + 1. Calculate p(-5).
-9
Let c(v) = 13*v - 46. Calculate c(5).
19
Let y(c) = -8*c + 4. Give y(-6).
52
Let x(p) = p**3 + 10*p**2 - 13*p - 25. What is x(-11)?
-3
Let m(p) = -3*p**2 + 3*p + 2. What is m(-3)?
-34
Let r(j) = -2*j**2 + 2. Calculate r(2).
-6
Let w(f) = f**2 - 7*f - 7. Calculate w(9).
11
Let x(p) = p**3 - p**2 - 21*p - 11. Determine x(-4).
-7
Let m(c) = -2*c + 32. Give m(14).
4
Let l(c) = -37*c + 45. Give l(1).
8
Let f(b) = -b**3 - 11*b**2 - 15*b - 21. What is f(-10)?
29
Let w(i) = -4*i - 50. What is w(-11)?
-6
Let m(x) = x**3 - 14*x**2 + 23*x - 18. Give m(12).
-30
Let d(a) = a**3 - 7*a**2 + 3*a + 12. Calculate d(6).
-6
Let p(v) = 6*v + 10. Determine p(-3).
-8
Let p(q) = -38*q - 6. Determine p(-3).
108
Let r(a) = -a**3 + 7*a**2 + 30*a - 106. What is r(9)?
2
Let a(c) = c**3 + 9*c**2 - c - 10. What is a(-9)?
-1
Let a(w) = w**3 - 13*w**2 - 13*w - 9. Calculate a(14).
5
Let b(j) = 3*j. Determine b(-6).
-18
Let s(w) = 2*w**3 + 39*w**2 + 54*w + 5. Calculate s(-18).
5
Let o(t) = t**2 + 8*t + 13. Give o(-8).
13
Let a(h) = 3*h + 1. What is a(4)?
13
Let w(n) = n**2 - 3*n - 9. Give w(-3).
9
Let m(r) = -r**3 + 4*r**2 - 4*r + 2. Determine m(3).
-1
Let r(s) = 2*s**2 + 26*s + 19. Give r(-10).
-41
Let r(p) = -22*p + 58. Determine r(6).
-74
Let j(t) = -t. Determine j(2).
-2
Let k(q) = -q**2 + 3*q + 22. What is k(0)?
22
Let n(s) = 11*s**2 - s. Give n(-1).
12
Let h(f) = -24*f + 72. Give h(4).
-24
Let j(m) = 24*m + 20. What is j(-1)?
-4
Let v(r) = -r - 8. Determine v(-17).
9
Let c(a) = -a**3 - 8*a**2 + 4*a + 13. Give c(-9).
58
Let t(y) = y**2 - 6*y - 8. What is t(8)?
8
Let m(w) = w + 8. Calculate m(12).
20
Let l(x) = x**3 - 4*x**2 - x + 7. Give l(5).
27
Let z(t) = -51*t**3 - t**2 - 2*t + 3. Give z(1).
-51
Let l(f) = f**3 + 5*f**2 - 173*f - 1005. Determine l(-6).
-3
Let s(a) = -a + 1. What is s(2)?
-1
Let p(z) = z**3 + 7*z**2 + 11*z + 17. What is p(-3)?
20
Let z(g) = -g**2 + 12*g + 5. Determine z(11).
16
Let u(h) = -3*h**2 + h - 2. What is u(-3)?
-32
Let g(z) = 22*z + 446. What is g(-20)?
6
Let k(i) = 2*i**2 + 11*i - 11. Calculate k(-7).
10
Let d(n) = -n - 5. What is d(-13)?
8
Let h(u) = u**3 + 4*u**2 - 15*u - 49. Determine h(-5).
1
Let x(i) = i + 4. Calculate x(-9).
-5
Let j(h) = 8*h + 242. Give j(-31).
-6
Let q(s) = -s - 5. Give q(-15).
10
Let i(d) = -2*d**2. What is i(2)?
-8
Let g(w) = -w + 11. Calculate g(0).
11
Let f(j) = 4*j - 41. Determine f(10).
-1
Let d(l) = -14*l - 2. Determine d(-1).
12
Let c(w) = -w**3 + 6*w**2 + 11*w - 8. Give c(7).
20
Let q(a) = 2*a + 7. Calculate q(2).
11
Let n(q) = -3*q - 25. Give n(-6).
-7
Let w(p) = 2*p**2 + 10*p - 14. Determine w(-6).
-2
Let f(g) = g**2 - 45*g - 70. Calculate f(47).
24
Let j(a) = 2*a**3 + 2*a**2 - a. Determine j(2).
22
Let k(h) = -h + 35. Calculate k(5).
30
Let x(h) = -8*h + 10. Calculate x(4).
-22
Let r(o) = o**3 - 34*o - 6. Calculate r(6).
6
Let z(u) = -3*u + 10. Calculate z(-12).
46
Let l(p) = -7*p - 26. Determine l(-2).
-12
Let q(j) = 3*j**2 - 126*j - 99. What is q(43)?
30
Let l(b) = -2*b**2 + 5*b - 4. Determine l(3).
-7
Let k(c) = c**2 + 12*c + 28. Determine k(-9).
1
Let g(c) = -c**2 - 10*c - 1. Calculate g(-11).
-12
Let j(q) = q + 18. What is j(-15)?
3
Let s(p) = 25*p + 133. Determine s(-5).
8
Let v(f) = f**2 + 22*f - 25. Give v(-23).
-2
Let l(o) = 2*o**2 - 23*o + 24. What is l(9)?
-21
Let x(q) = 4*q**3 - 2. Calculate x(2).
30
Let b(k) = k**2 + 7*k - 116. What is b(8)?
4
Let x(l) = 3*l + 38. What is x(-14)?
-4
Let r(y) = 13*y + 71. What is r(-5)?
6
Let t(z) = -z**3 - 7*z**2 - 14*z - 3. Calculate t(-4).
5
Let m(t) = -t**3 - 2*t**2 + 3*t - 1. What is m(2)?
-11
Let k(q) = -q**2 - 21*q + 22. Determine k(-22).
0
Let b(p) = 16*p - 176. Determine b(10).
-16
Let l(k) = -9*k - 69. Give l(-5).
-24
Let f(k) = k**3 + 9*k**2 + 11*k + 11. What is f(-8)?
-13
Let f(y) = y + 1. Determine f(5).
6
Let n(v) = 5*v + 10. What is n(-1)?
5
Let a(d) = -2*d**2 - 6*d - 1. Determine a(-4).
-9
Let m(s) = s**2 + 2*s - 22. Determine m(0).
-22
Let f(d) = d**3 + 8*d**2 + 6*d + 1. What is f(-7)?
8
Let d(u) = -u**2 - 14*u + 12. Determine d(-15).
-3
Let l(f) = 3*f - 21. What is l(10)?
9
Let y(v) = -5*v + 4. Determine y(0).
4
Let d(z) = -2*z. What is d(0)?
0
Let g(o) = -o - 35. What is g(24)?
-59
Let w(r) = -2*r**3 - r**2 - 2*r - 1. Determine w(-2).
15
Let p(k) = -18*k**3 + 2*k - 1. Determine p(1).
-17
Let b(z) = 72*z - 211. What is b(3)?
5
Let m(d) = -46*d - 343. Calculate m(-7).
-21
Let u(x) = -x**2 - 5*x + 8. Calculate u(-6).
2
Let y(n) = -2*n**3 - 29*n**2 - 15*n + 5. Give y(-14).
19
Let b(x) = x**2 + 7*x - 38. What is b(-9)?
-20
Let z(y) = -8*y - 9. What is z(-3)?
15
Let l(o) = -15*o + 529. What is l(35)?
4
Let x(m) = -4*m - 26. Give x(-6).
-2
Let d(x) = -3*x - 2. What is d(-5)?
13
Let p(s) = s**2 + 16*s - 14. Give p(-19).
43
Let t(v) = 5*v**2 + 25*v + 46. Calculate t(-2).
16
Let g(q) = q**2 - 32*q + 165. What is g(25)?
-10
Let f(a) = -a**3 + 18*a**2 + a. Determine f(18).
18
Let b(t) = 7*t - 42. Give b(5).
-7
Let d(o) = -2*o**2 - 3*o + 1. Give d(2).
-13
Let y(b) = 2*b**2 - 3*b + 1. Calculate y(-3).
28
Let j(l) = l**3 - 6*l**2 - 8*l + 9. Give j(7).
2
Let k(o) = o**3 + 7*o**2 - o + 9. Calculate k(-8).
-47
Let i(d) = d**3 + 11*d**2 + 15*d + 6. Give i(-9).
